{"id":2,"date":"2013-08-08T12:27:34","date_gmt":"2013-08-08T12:27:34","guid":{"rendered":"http:\/\/bercetessoucis.be\/?page_id=2"},"modified":"2020-06-02T09:20:12","modified_gmt":"2020-06-02T09:20:12","slug":"sample-page","status":"publish","type":"page","link":"https:\/\/bercetessoucis.be\/","title":{"rendered":"Accueil"},"content":{"rendered":"<p><strong>La berce commune, appel\u00e9e aussi\u00a0<\/strong><strong>\u00ab\u00a0patte\u00a0<\/strong><strong>d&rsquo;oie\u00a0\u00bb suivant la forme de\u00a0<\/strong><strong>ses feuilles, est\u00a0<\/strong><strong>une plante\u00a0<\/strong><strong>courante dans nos r\u00e9gions.\u00a0<\/strong><strong>Ses\u00a0<\/strong><strong>feuilles ou ses graines sont\u00a0<\/strong><strong>appr\u00e9ci\u00e9es comme fortifiant,\u00a0<\/strong><strong>ce qui lui\u00a0<\/strong><strong>a valu la nom de\u00a0<\/strong><strong>ginseng d&rsquo;Europe.<\/strong><\/p>\n<p><strong><a href=\"http:\/\/bercetessoucis.be\/wp-content\/uploads\/2013\/08\/berce-commune-fleur-des-champs.jpg\"><img loading=\"lazy\" class=\"alignright size-medium wp-image-16\" src=\"http:\/\/bercetessoucis.be\/wp-content\/uploads\/2013\/08\/berce-commune-fleur-des-champs-300x225.jpg\" alt=\"berce-commune-fleur-des-champs\" width=\"300\" height=\"225\" srcset=\"https:\/\/bercetessoucis.be\/wp-content\/uploads\/2013\/08\/berce-commune-fleur-des-champs-300x225.jpg 300w, https:\/\/bercetessoucis.be\/wp-content\/uploads\/2013\/08\/berce-commune-fleur-des-champs.jpg 700w\" sizes=\"(max-width: 300px) 100vw, 300px\" \/><\/a><\/strong><\/p>\n<p><strong>Les soucis sont plus chatoyants et illuminent nos jardins pendant tout l&rsquo;\u00e9t\u00e9. Mais ils peuvent aussi illuminer notre vie. Cette plante tinctoriale est une source de colorant alimentaire non toxique, notamment utilis\u00e9e pour foncer les beurres. Mais la Calendula officinalis (son nom latin) a \u00e9galement des propri\u00e9t\u00e9s sudorifique, em\u00e9nagogue, cicatrisante, stimulante, anti-spasmodique. (P. Fournier)<\/strong><\/p>\n<p><strong><a href=\"http:\/\/bercetessoucis.be\/wp-content\/uploads\/2013\/08\/SAM_0324.jpg\"><img loading=\"lazy\" class=\"size-medium wp-image-43 alignleft\" src=\"http:\/\/bercetessoucis.be\/wp-content\/uploads\/2013\/08\/SAM_0324-300x225.jpg\" alt=\"SAM_0324\" width=\"300\" height=\"225\" srcset=\"https:\/\/bercetessoucis.be\/wp-content\/uploads\/2013\/08\/SAM_0324-300x225.jpg 300w, https:\/\/bercetessoucis.be\/wp-content\/uploads\/2013\/08\/SAM_0324-1024x768.jpg 1024w\" sizes=\"(max-width: 300px) 100vw, 300px\" \/><\/a>La connaissance des plantes m\u00e9dicinales et leur emploi dans la\u00a0lign\u00e9e de la phytoth\u00e9rapie traditionnelle est une discipline qui me passionne depuis longtemps. \u00a0 Sans renier les apports de la science moderne, la phytoth\u00e9rapie traditionnelle va cependant bien plus loin. \u00a0En effet, une plante est un complexe de substances biochimiques dou\u00e9es de propri\u00e9t\u00e9s diverses, mais\u00a0c&rsquo;est avant tout, un \u00eatre vivant en interaction avec son milieu et qui offre de\u00a0pr\u00e9cieux services.\u00a0 La qualit\u00e9 vibratoire de la plante r\u00e9colt\u00e9e et pr\u00e9par\u00e9e \u00e0 la main et de mani\u00e8re traditionnelle ne peut \u00eatre reproduite par aucune machine.<\/strong><\/p>\n<p><a href=\"http:\/\/bercetessoucis.be\/wp-content\/uploads\/2013\/08\/SAM_1080.jpg\"><img loading=\"lazy\" class=\"alignright size-medium wp-image-47\" src=\"http:\/\/bercetessoucis.be\/wp-content\/uploads\/2013\/08\/SAM_1080-300x225.jpg\" alt=\"SAM_1080\" width=\"300\" height=\"225\" srcset=\"https:\/\/bercetessoucis.be\/wp-content\/uploads\/2013\/08\/SAM_1080-300x225.jpg 300w, https:\/\/bercetessoucis.be\/wp-content\/uploads\/2013\/08\/SAM_1080-1024x768.jpg 1024w\" sizes=\"(max-width: 300px) 100vw, 300px\" \/><\/a><strong>C&rsquo;est \u00e0 l&rsquo;\u00e9cole des plantes de Lessines que j&rsquo;ai d\u00e9couvert ce monde merveilleux de couleurs, de senteurs, de bienfaits, &#8230;. C&rsquo;est l\u00e0 que j&rsquo;ai\u00a0\u00e9tudi\u00e9\u00a0les rem\u00e8des \u00e9prouv\u00e9s par le temps, ces rem\u00e8des dits de bonne femme, en fait de bona fama, ce qui veut dire de bonne renomm\u00e9e, et qui ont pass\u00e9 les si\u00e8cles, ainsi que les produits naturels dignes de ce nom.<\/strong><\/p>\n<p><strong>C&rsquo;est avec grand plaisir que je vous ferai partager toutes mes d\u00e9couvertes dans le monde de la phytoth\u00e9rapie ainsi que dans diff\u00e9rentes\u00a0disciplines \u00e9nerg\u00e9tique et spirituelle qui se sont\u00a0<\/strong><b>progressivement int\u00e9gr\u00e9s dans ma vie. <\/b><\/p>\n<p><b>Plus\u00a0r\u00e9cemment, avec le concours de personnes qui sont devenues des\u00a0amies, nous\u00a0invitons diff\u00e9rents formateurs et\/ou conf\u00e9renciers en Belgique. Vous trouverez ces\u00a0informations sous l&rsquo;onglet \u00ab\u00a0organisation de formations\u00a0\u00bb. <\/b><\/p>\n<p><b>Bonne route \u00e0 chacun \ud83d\ude42<br \/>\n<\/b><\/p>\n","protected":false},"excerpt":{"rendered":"<p>La berce commune, appel\u00e9e aussi\u00a0\u00ab\u00a0patte\u00a0d&rsquo;oie\u00a0\u00bb suivant la forme de\u00a0ses feuilles, est\u00a0une plante\u00a0courante dans nos r\u00e9gions.\u00a0Ses\u00a0feuilles ou ses graines sont\u00a0appr\u00e9ci\u00e9es comme fortifiant,\u00a0ce qui lui\u00a0a valu la nom de\u00a0ginseng d&rsquo;Europe. Les soucis sont plus chatoyants et illuminent nos jardins pendant tout l&rsquo;\u00e9t\u00e9. Mais ils peuvent aussi illuminer notre vie. Cette plante tinctoriale est une source de colorant [&hellip;]<\/p>\n","protected":false},"author":1,"featured_media":0,"parent":0,"menu_order":1,"comment_status":"closed","ping_status":"closed","template":"","meta":[],"_links":{"self":[{"href":"https:\/\/bercetessoucis.be\/index.php?rest_route=\/wp\/v2\/pages\/2"}],"collection":[{"href":"https:\/\/bercetessoucis.be\/index.php?rest_route=\/wp\/v2\/pages"}],"about":[{"href":"https:\/\/bercetessoucis.be\/index.php?rest_route=\/wp\/v2\/types\/page"}],"author":[{"embeddable":true,"href":"https:\/\/bercetessoucis.be\/index.php?rest_route=\/wp\/v2\/users\/1"}],"replies":[{"embeddable":true,"href":"https:\/\/bercetessoucis.be\/index.php?rest_route=%2Fwp%2Fv2%2Fcomments&post=2"}],"version-history":[{"count":10,"href":"https:\/\/bercetessoucis.be\/index.php?rest_route=\/wp\/v2\/pages\/2\/revisions"}],"predecessor-version":[{"id":523,"href":"https:\/\/bercetessoucis.be\/index.php?rest_route=\/wp\/v2\/pages\/2\/revisions\/523"}],"wp:attachment":[{"href":"https:\/\/bercetessoucis.be\/index.php?rest_route=%2Fwp%2Fv2%2Fmedia&parent=2"}],"curies":[{"name":"wp","href":"https:\/\/api.w.org\/{rel}","templated":true}]}}

<p><strong>La berce commune, appelée aussi </strong><strong>« patte </strong><strong>d&rsquo;oie » suivant la forme de </strong><strong>ses feuilles, est </strong><strong>une plante </strong><strong>courante dans nos régions. </strong><strong>Ses </strong><strong>feuilles ou ses graines sont </strong><strong>appréciées comme fortifiant, </strong><strong>ce qui lui </strong><strong>a valu la nom de </strong><strong>ginseng d&rsquo;Europe.</strong></p>
<p><strong><a href="http://bercetessoucis.be/wp-content/uploads/2013/08/berce-commune-fleur-des-champs.jpg"><img loading="lazy" class="alignright size-medium wp-image-16" src="http://bercetessoucis.be/wp-content/uploads/2013/08/berce-commune-fleur-des-champs-300x225.jpg" alt="berce-commune-fleur-des-champs" width="300" height="225" srcset="https://bercetessoucis.be/wp-content/uploads/2013/08/berce-commune-fleur-des-champs-300x225.jpg 300w, https://bercetessoucis.be/wp-content/uploads/2013/08/berce-commune-fleur-des-champs.jpg 700w" sizes="(max-width: 300px) 100vw, 300px" /></a></strong></p>
<p><strong>Les soucis sont plus chatoyants et illuminent nos jardins pendant tout l&rsquo;été. Mais ils peuvent aussi illuminer notre vie. Cette plante tinctoriale est une source de colorant alimentaire non toxique, notamment utilisée pour foncer les beurres. Mais la Calendula officinalis (son nom latin) a également des propriétés sudorifique, eménagogue, cicatrisante, stimulante, anti-spasmodique. (P. Fournier)</strong></p>
<p><strong><a href="http://bercetessoucis.be/wp-content/uploads/2013/08/SAM_0324.jpg"><img loading="lazy" class="size-medium wp-image-43 alignleft" src="http://bercetessoucis.be/wp-content/uploads/2013/08/SAM_0324-300x225.jpg" alt="SAM_0324" width="300" height="225" srcset="https://bercetessoucis.be/wp-content/uploads/2013/08/SAM_0324-300x225.jpg 300w, https://bercetessoucis.be/wp-content/uploads/2013/08/SAM_0324-1024x768.jpg 1024w" sizes="(max-width: 300px) 100vw, 300px" /></a>La connaissance des plantes médicinales et leur emploi dans la lignée de la phytothérapie traditionnelle est une discipline qui me passionne depuis longtemps.   Sans renier les apports de la science moderne, la phytothérapie traditionnelle va cependant bien plus loin.  En effet, une plante est un complexe de substances biochimiques douées de propriétés diverses, mais c&rsquo;est avant tout, un être vivant en interaction avec son milieu et qui offre de précieux services.  La qualité vibratoire de la plante récoltée et préparée à la main et de manière traditionnelle ne peut être reproduite par aucune machine.</strong></p>
<p><a href="http://bercetessoucis.be/wp-content/uploads/2013/08/SAM_1080.jpg"><img loading="lazy" class="alignright size-medium wp-image-47" src="http://bercetessoucis.be/wp-content/uploads/2013/08/SAM_1080-300x225.jpg" alt="SAM_1080" width="300" height="225" srcset="https://bercetessoucis.be/wp-content/uploads/2013/08/SAM_1080-300x225.jpg 300w, https://bercetessoucis.be/wp-content/uploads/2013/08/SAM_1080-1024x768.jpg 1024w" sizes="(max-width: 300px) 100vw, 300px" /></a><strong>C&rsquo;est à l&rsquo;école des plantes de Lessines que j&rsquo;ai découvert ce monde merveilleux de couleurs, de senteurs, de bienfaits, &#8230;. C&rsquo;est là que j&rsquo;ai étudié les remèdes éprouvés par le temps, ces remèdes dits de bonne femme, en fait de bona fama, ce qui veut dire de bonne renommée, et qui ont passé les siècles, ainsi que les produits naturels dignes de ce nom.</strong></p>
<p><strong>C&rsquo;est avec grand plaisir que je vous ferai partager toutes mes découvertes dans le monde de la phytothérapie ainsi que dans différentes disciplines énergétique et spirituelle qui se sont </strong><b>progressivement intégrés dans ma vie. </b></p>
<p><b>Plus récemment, avec le concours de personnes qui sont devenues des amies, nous invitons différents formateurs et/ou conférenciers en Belgique. Vous trouverez ces informations sous l&rsquo;onglet « organisation de formations ». </b></p>
<p><b>Bonne route à chacun 🙂<br />
</b></p>

<p>La berce commune, appelée aussi « patte d&rsquo;oie » suivant la forme de ses feuilles, est une plante courante dans nos régions. Ses feuilles ou ses graines sont appréciées comme fortifiant, ce qui lui a valu la nom de ginseng d&rsquo;Europe. Les soucis sont plus chatoyants et illuminent nos jardins pendant tout l&rsquo;été. Mais ils peuvent aussi illuminer notre vie. Cette plante tinctoriale est une source de colorant [&hellip;]</p>
