{"id":169,"date":"2013-09-14T07:23:08","date_gmt":"2013-09-14T07:23:08","guid":{"rendered":"http:\/\/bercetessoucis.be\/?page_id=169"},"modified":"2013-11-20T23:40:42","modified_gmt":"2013-11-20T23:40:42","slug":"nutrition","status":"publish","type":"page","link":"https:\/\/bercetessoucis.be\/?page_id=169","title":{"rendered":"Nutrition"},"content":{"rendered":"<h4><a href=\"http:\/\/bercetessoucis.be\/wp-content\/uploads\/2013\/09\/82215766_o.jpg\"><img loading=\"lazy\" class=\"alignleft size-medium wp-image-213\" alt=\"82215766_o\" src=\"http:\/\/bercetessoucis.be\/wp-content\/uploads\/2013\/09\/82215766_o-300x190.jpg\" width=\"300\" height=\"190\" srcset=\"https:\/\/bercetessoucis.be\/wp-content\/uploads\/2013\/09\/82215766_o-300x190.jpg 300w, https:\/\/bercetessoucis.be\/wp-content\/uploads\/2013\/09\/82215766_o-1024x649.jpg 1024w, https:\/\/bercetessoucis.be\/wp-content\/uploads\/2013\/09\/82215766_o-624x395.jpg 624w, https:\/\/bercetessoucis.be\/wp-content\/uploads\/2013\/09\/82215766_o.jpg 2048w\" sizes=\"(max-width: 300px) 100vw, 300px\" \/><\/a>Une maison solide, est pourvue de bonnes fondations, de mat\u00e9riaux de qualit\u00e9 et correctement r\u00e9partis. Il en est de m\u00eame pour notre corps et pour notre bonne sant\u00e9.<\/h4>\n<h4>Deux questionnements sont donc indispensables pour aborder les besoins de notre corps. Le premier concernera la diversit\u00e9 de notre alimentation et le deuxi\u00e8me sa qualit\u00e9.<\/h4>\n<ol>\n<li>\n<h5>Voyons d&rsquo;abord le premier<\/h5>\n<\/li>\n<\/ol>\n<p>Notre corps a besoin d&rsquo;une grande vari\u00e9t\u00e9 de mol\u00e9cules diff\u00e9rentes afin de se construire en permanence et afin d&rsquo;assurer la communication indispensable \u00e0 son fonctionnement et \u00e0 son \u00a0\u00e9quilibre.<\/p>\n<p>Il faut cependant savoir que ses besoins varient tout au long de la journ\u00e9e, sous l&rsquo;influence de la lumi\u00e8re.<\/p>\n<p><a style=\"color: #0f3647; text-align: center;\" href=\"http:\/\/www.holiform.com\/contenu-fixe\/chronobiologie-homeostasie-horloge-biologique.html\" rel=\"nofollow\" data-cke-saved-href=\"http:\/\/www.holiform.com\/contenu-fixe\/chronobiologie-homeostasie-horloge-biologique.html\">La chronobiologie ou \u00ab\u00a0le lien entre<\/a><span style=\"text-align: center;\">\u00a0<\/span><a style=\"color: #0f3647; text-align: center;\" href=\"http:\/\/www.holiform.com\/contenu-fixe\/chronobiologie-homeostasie-horloge-biologique.html\" rel=\"nofollow\" data-cke-saved-href=\"http:\/\/www.holiform.com\/contenu-fixe\/chronobiologie-homeostasie-horloge-biologique.html\">le rythme de notre corps et la lumi\u00e8re\u00a0\u00bb<\/a><\/p>\n<p><img loading=\"lazy\" class=\"size-medium wp-image-65 alignright\" alt=\"pommes_sautees_lard_grille_et_oeuf_au_plat_001\" src=\"http:\/\/bercetessoucis.be\/wp-content\/uploads\/2013\/09\/pommes_sautees_lard_grille_et_oeuf_au_plat_001-300x236.jpg\" width=\"300\" height=\"236\" srcset=\"https:\/\/bercetessoucis.be\/wp-content\/uploads\/2013\/09\/pommes_sautees_lard_grille_et_oeuf_au_plat_001-300x236.jpg 300w, https:\/\/bercetessoucis.be\/wp-content\/uploads\/2013\/09\/pommes_sautees_lard_grille_et_oeuf_au_plat_001.jpg 720w\" sizes=\"(max-width: 300px) 100vw, 300px\" \/><\/p>\n<p>Le <span style=\"text-decoration: underline;\">petit d\u00e9jeuner<\/span> suit une \u00a0p\u00e9riode de jeune normalement assez longue. Notre corps a besoin de <a title=\"Les graisses, indispensables\" href=\"http:\/\/bercetessoucis.be\/?page_id=268\">bonnes graisses<\/a> pour affronter une nouvelle journ\u00e9e sans soucis.<\/p>\n<p>(<a style=\"color: #0f3647;\" href=\"http:\/\/www.holiform.com\/contenu-fixe\/chrono-nutrition.html\" rel=\"nofollow\" data-cke-saved-href=\"http:\/\/www.holiform.com\/contenu-fixe\/chrono-nutrition.html\">La chrono-nutrition\u00a0ou \u00ab\u00a0quand on nous<\/a><span style=\"text-decoration: underline;\">\u00a0<\/span><a style=\"color: #0f3647;\" href=\"http:\/\/www.holiform.com\/contenu-fixe\/chrono-nutrition.html\" rel=\"nofollow\" data-cke-saved-href=\"http:\/\/www.holiform.com\/contenu-fixe\/chrono-nutrition.html\">dit qu&rsquo;il faut manger gras au petit<\/a><span style=\"text-decoration: underline;\">\u00a0<\/span><a href=\"http:\/\/www.holiform.com\/contenu-fixe\/chrono-nutrition.html\" rel=\"nofollow\" data-cke-saved-href=\"http:\/\/www.holiform.com\/contenu-fixe\/chrono-nutrition.html\">d\u00e9jeuner\u00a0\u00bb<\/a><\/p>\n<p>Le petit d\u00e9jeuner appr\u00e9cie \u00e9galement les <a title=\"Les sucres, en quantit\u00e9 raisonnable\" href=\"http:\/\/bercetessoucis.be\/?page_id=222\">sucres lents, tr\u00e8s lents<\/a>, comme un bon pain artisanal fait avec une farine grise.<\/p>\n<p>Si on ajoute quelques fruit ol\u00e9agineux ou quelques olives, nous seront pr\u00eat \u00e0 affronter les petits stress de la journ\u00e9e.<\/p>\n<p>A midi,<\/p>\n<p>(introduction en construction)<\/p>\n<h5>2. Le second questionnement concerne la qualit\u00e9 et l&rsquo;ad\u00e9quation de nos aliments<\/h5>\n<p>a) Dans le cadre de l&rsquo;op\u00e9ration T\u00e9l\u00e9vie 2013, le professeur Vincent\u00a0Castronovo (universit\u00e9 de\u00a0Li\u00e8ge) donnait une conf\u00e9rence sur les rapports \u00e9troits entre la qualit\u00e9 de notre alimentation\u00a0et le d\u00e9veloppement d&rsquo;un cancer.\u00a0<a href=\"http:\/\/www.ulg.ac.be\/cms\/rv_2909039\/fr\/alimentation-et-cancer-mythe-ou-realite\" target=\"_blank\">(video)<\/a><\/p>\n<p><img loading=\"lazy\" class=\"size-medium wp-image-179 alignleft\" style=\"line-height: 24px;\" alt=\"Dr castronovo alientation et cancer\" src=\"http:\/\/bercetessoucis.be\/wp-content\/uploads\/2013\/09\/Dr-castronovo-alientation-et-cancer-300x164.png\" width=\"300\" height=\"164\" srcset=\"https:\/\/bercetessoucis.be\/wp-content\/uploads\/2013\/09\/Dr-castronovo-alientation-et-cancer-300x164.png 300w, https:\/\/bercetessoucis.be\/wp-content\/uploads\/2013\/09\/Dr-castronovo-alientation-et-cancer-624x342.png 624w, https:\/\/bercetessoucis.be\/wp-content\/uploads\/2013\/09\/Dr-castronovo-alientation-et-cancer.png 851w\" sizes=\"(max-width: 300px) 100vw, 300px\" \/><\/p>\n<p>http:\/\/www.ulg.ac.be\/cms\/rv_2909039\/fr\/alimentation-et-cancer-mythe-ou-realitealimentation<\/p>\n<p>&nbsp;<\/p>\n<p>b) La production fruit!\u00e8re et mara\u00eech\u00e8re est adapt\u00e9e aux caract\u00e9ristiques environnementales, et donc aux temp\u00e9ratures et aux contraintes climatiques de notre r\u00e9gion. Notre corps ne peut que tirer profit d&rsquo;un lien \u00e9troit avec la production locale et de saison.<\/p>\n<p><img loading=\"lazy\" class=\"alignright size-medium wp-image-74\" alt=\"3518268630_d690353525_o\" src=\"http:\/\/bercetessoucis.be\/wp-content\/uploads\/2013\/09\/3518268630_d690353525_o-152x300.jpg\" width=\"152\" height=\"300\" srcset=\"https:\/\/bercetessoucis.be\/wp-content\/uploads\/2013\/09\/3518268630_d690353525_o-152x300.jpg 152w, https:\/\/bercetessoucis.be\/wp-content\/uploads\/2013\/09\/3518268630_d690353525_o.jpg 406w\" sizes=\"(max-width: 152px) 100vw, 152px\" \/><\/p>\n<p>&nbsp;<\/p>\n<p><a href=\"http:\/\/www.lepetitproducteur.com\/sys.comments.asp?article=0000000277\" rel=\"nofollow\" data-cke-saved-href=\"http:\/\/www.lepetitproducteur.com\/sys.comments.asp?article=0000000277\">Mangeons des produits\u00a0locaux et de saison: c&rsquo;est bon pour la sant\u00e9<\/a><\/p>\n<p><span style=\"line-height: 14px;\">\u00a0<\/span><\/p>\n<p><a href=\"http:\/\/www.bruxellesenvironnement.be\/Templates\/news.aspx?id=27044\" rel=\"nofollow\" data-cke-saved-href=\"http:\/\/www.bruxellesenvironnement.be\/Templates\/news.aspx?id=27044\">Mangez local et de saison! Tout bon pour l&rsquo;environnement<\/a><\/p>\n<p>&nbsp;<\/p>\n<p><a href=\"http:\/\/www.lespaniersverts.be\/cooperative\/pour-les-consommateurs\/\" rel=\"nofollow\" data-cke-saved-href=\"http:\/\/www.lespaniersverts.be\/cooperative\/pour-les-consommateurs\/\">L&rsquo;agriculture biologique locale: un partenariat entre une bonne sant\u00e9 et des emplois chez nous<\/a><\/p>\n<p>&nbsp;<\/p>\n<p><a href=\"http:\/\/documentation.bruxellesenvironnement.be\/documents\/Calendrier_FR_def_Part_Fr.PDF\" rel=\"nofollow\" data-cke-saved-href=\"http:\/\/documentation.bruxellesenvironnement.be\/documents\/Calendrier_FR_def_Part_Fr.PDF\">Un calendrier pour la Belgique:<\/a><\/p>\n<p style=\"text-align: center;\"><strong><span style=\"color: #339966;\">Avertissement<\/span><\/strong><\/p>\n<p style=\"text-align: left;\"><span style=\"color: #339966;\">Vous cherchez les oranges, les abricots ou\u00a0les melons dans le calendrier ? Ils n\u2019y sont pas !\u00a0En effet, le calendrier concerne<\/span><\/p>\n<ul>\n<li style=\"text-align: left;\"><span style=\"color: #339966;\">les fruits et\u00a0l\u00e9gumes locaux \u2013 \u00e0 savoir produits en Belgique\u00a0ou dans les r\u00e9gions limitrophes \u2013 et<\/span><\/li>\n<li style=\"text-align: left;\"><span style=\"color: #339966;\">de saison \u2013\u00a0\u00e0 savoir en excluant ceux produits sous serres\u00a0chauff\u00e9es.<\/span><\/li>\n<\/ul>\n","protected":false},"excerpt":{"rendered":"<p>Une maison solide, est pourvue de bonnes fondations, de mat\u00e9riaux de qualit\u00e9 et correctement r\u00e9partis. Il en est de m\u00eame pour notre corps et pour notre bonne sant\u00e9. Deux questionnements sont donc indispensables pour aborder les besoins de notre corps. Le premier concernera la diversit\u00e9 de notre alimentation et le deuxi\u00e8me sa qualit\u00e9. Voyons d&rsquo;abord [&hellip;]<\/p>\n","protected":false},"author":1,"featured_media":0,"parent":249,"menu_order":1,"comment_status":"closed","ping_status":"closed","template":"","meta":[],"_links":{"self":[{"href":"https:\/\/bercetessoucis.be\/index.php?rest_route=\/wp\/v2\/pages\/169"}],"collection":[{"href":"https:\/\/bercetessoucis.be\/index.php?rest_route=\/wp\/v2\/pages"}],"about":[{"href":"https:\/\/bercetessoucis.be\/index.php?rest_route=\/wp\/v2\/types\/page"}],"author":[{"embeddable":true,"href":"https:\/\/bercetessoucis.be\/index.php?rest_route=\/wp\/v2\/users\/1"}],"replies":[{"embeddable":true,"href":"https:\/\/bercetessoucis.be\/index.php?rest_route=%2Fwp%2Fv2%2Fcomments&post=169"}],"version-history":[{"count":24,"href":"https:\/\/bercetessoucis.be\/index.php?rest_route=\/wp\/v2\/pages\/169\/revisions"}],"predecessor-version":[{"id":278,"href":"https:\/\/bercetessoucis.be\/index.php?rest_route=\/wp\/v2\/pages\/169\/revisions\/278"}],"up":[{"embeddable":true,"href":"https:\/\/bercetessoucis.be\/index.php?rest_route=\/wp\/v2\/pages\/249"}],"wp:attachment":[{"href":"https:\/\/bercetessoucis.be\/index.php?rest_route=%2Fwp%2Fv2%2Fmedia&parent=169"}],"curies":[{"name":"wp","href":"https:\/\/api.w.org\/{rel}","templated":true}]}}

<h4><a href="http://bercetessoucis.be/wp-content/uploads/2013/09/82215766_o.jpg"><img loading="lazy" class="alignleft size-medium wp-image-213" alt="82215766_o" src="http://bercetessoucis.be/wp-content/uploads/2013/09/82215766_o-300x190.jpg" width="300" height="190" srcset="https://bercetessoucis.be/wp-content/uploads/2013/09/82215766_o-300x190.jpg 300w, https://bercetessoucis.be/wp-content/uploads/2013/09/82215766_o-1024x649.jpg 1024w, https://bercetessoucis.be/wp-content/uploads/2013/09/82215766_o-624x395.jpg 624w, https://bercetessoucis.be/wp-content/uploads/2013/09/82215766_o.jpg 2048w" sizes="(max-width: 300px) 100vw, 300px" /></a>Une maison solide, est pourvue de bonnes fondations, de matériaux de qualité et correctement répartis. Il en est de même pour notre corps et pour notre bonne santé.</h4>
<h4>Deux questionnements sont donc indispensables pour aborder les besoins de notre corps. Le premier concernera la diversité de notre alimentation et le deuxième sa qualité.</h4>
<ol>
<li>
<h5>Voyons d&rsquo;abord le premier</h5>
</li>
</ol>
<p>Notre corps a besoin d&rsquo;une grande variété de molécules différentes afin de se construire en permanence et afin d&rsquo;assurer la communication indispensable à son fonctionnement et à son  équilibre.</p>
<p>Il faut cependant savoir que ses besoins varient tout au long de la journée, sous l&rsquo;influence de la lumière.</p>
<p><a style="color: #0f3647; text-align: center;" href="http://www.holiform.com/contenu-fixe/chronobiologie-homeostasie-horloge-biologique.html" rel="nofollow" data-cke-saved-href="http://www.holiform.com/contenu-fixe/chronobiologie-homeostasie-horloge-biologique.html">La chronobiologie ou « le lien entre</a><span style="text-align: center;"> </span><a style="color: #0f3647; text-align: center;" href="http://www.holiform.com/contenu-fixe/chronobiologie-homeostasie-horloge-biologique.html" rel="nofollow" data-cke-saved-href="http://www.holiform.com/contenu-fixe/chronobiologie-homeostasie-horloge-biologique.html">le rythme de notre corps et la lumière »</a></p>
<p><img loading="lazy" class="size-medium wp-image-65 alignright" alt="pommes_sautees_lard_grille_et_oeuf_au_plat_001" src="http://bercetessoucis.be/wp-content/uploads/2013/09/pommes_sautees_lard_grille_et_oeuf_au_plat_001-300x236.jpg" width="300" height="236" srcset="https://bercetessoucis.be/wp-content/uploads/2013/09/pommes_sautees_lard_grille_et_oeuf_au_plat_001-300x236.jpg 300w, https://bercetessoucis.be/wp-content/uploads/2013/09/pommes_sautees_lard_grille_et_oeuf_au_plat_001.jpg 720w" sizes="(max-width: 300px) 100vw, 300px" /></p>
<p>Le <span style="text-decoration: underline;">petit déjeuner</span> suit une  période de jeune normalement assez longue. Notre corps a besoin de <a title="Les graisses, indispensables" href="http://bercetessoucis.be/?page_id=268">bonnes graisses</a> pour affronter une nouvelle journée sans soucis.</p>
<p>(<a style="color: #0f3647;" href="http://www.holiform.com/contenu-fixe/chrono-nutrition.html" rel="nofollow" data-cke-saved-href="http://www.holiform.com/contenu-fixe/chrono-nutrition.html">La chrono-nutrition ou « quand on nous</a><span style="text-decoration: underline;"> </span><a style="color: #0f3647;" href="http://www.holiform.com/contenu-fixe/chrono-nutrition.html" rel="nofollow" data-cke-saved-href="http://www.holiform.com/contenu-fixe/chrono-nutrition.html">dit qu&rsquo;il faut manger gras au petit</a><span style="text-decoration: underline;"> </span><a href="http://www.holiform.com/contenu-fixe/chrono-nutrition.html" rel="nofollow" data-cke-saved-href="http://www.holiform.com/contenu-fixe/chrono-nutrition.html">déjeuner »</a></p>
<p>Le petit déjeuner apprécie également les <a title="Les sucres, en quantité raisonnable" href="http://bercetessoucis.be/?page_id=222">sucres lents, très lents</a>, comme un bon pain artisanal fait avec une farine grise.</p>
<p>Si on ajoute quelques fruit oléagineux ou quelques olives, nous seront prêt à affronter les petits stress de la journée.</p>
<p>A midi,</p>
<p>(introduction en construction)</p>
<h5>2. Le second questionnement concerne la qualité et l&rsquo;adéquation de nos aliments</h5>
<p>a) Dans le cadre de l&rsquo;opération Télévie 2013, le professeur Vincent Castronovo (université de Liège) donnait une conférence sur les rapports étroits entre la qualité de notre alimentation et le développement d&rsquo;un cancer. <a href="http://www.ulg.ac.be/cms/rv_2909039/fr/alimentation-et-cancer-mythe-ou-realite" target="_blank">(video)</a></p>
<p><img loading="lazy" class="size-medium wp-image-179 alignleft" style="line-height: 24px;" alt="Dr castronovo alientation et cancer" src="http://bercetessoucis.be/wp-content/uploads/2013/09/Dr-castronovo-alientation-et-cancer-300x164.png" width="300" height="164" srcset="https://bercetessoucis.be/wp-content/uploads/2013/09/Dr-castronovo-alientation-et-cancer-300x164.png 300w, https://bercetessoucis.be/wp-content/uploads/2013/09/Dr-castronovo-alientation-et-cancer-624x342.png 624w, https://bercetessoucis.be/wp-content/uploads/2013/09/Dr-castronovo-alientation-et-cancer.png 851w" sizes="(max-width: 300px) 100vw, 300px" /></p>
<p>http://www.ulg.ac.be/cms/rv_2909039/fr/alimentation-et-cancer-mythe-ou-realitealimentation</p>
<p>&nbsp;</p>
<p>b) La production fruit!ère et maraîchère est adaptée aux caractéristiques environnementales, et donc aux températures et aux contraintes climatiques de notre région. Notre corps ne peut que tirer profit d&rsquo;un lien étroit avec la production locale et de saison.</p>
<p><img loading="lazy" class="alignright size-medium wp-image-74" alt="3518268630_d690353525_o" src="http://bercetessoucis.be/wp-content/uploads/2013/09/3518268630_d690353525_o-152x300.jpg" width="152" height="300" srcset="https://bercetessoucis.be/wp-content/uploads/2013/09/3518268630_d690353525_o-152x300.jpg 152w, https://bercetessoucis.be/wp-content/uploads/2013/09/3518268630_d690353525_o.jpg 406w" sizes="(max-width: 152px) 100vw, 152px" /></p>
<p>&nbsp;</p>
<p><a href="http://www.lepetitproducteur.com/sys.comments.asp?article=0000000277" rel="nofollow" data-cke-saved-href="http://www.lepetitproducteur.com/sys.comments.asp?article=0000000277">Mangeons des produits locaux et de saison: c&rsquo;est bon pour la santé</a></p>
<p><span style="line-height: 14px;"> </span></p>
<p><a href="http://www.bruxellesenvironnement.be/Templates/news.aspx?id=27044" rel="nofollow" data-cke-saved-href="http://www.bruxellesenvironnement.be/Templates/news.aspx?id=27044">Mangez local et de saison! Tout bon pour l&rsquo;environnement</a></p>
<p>&nbsp;</p>
<p><a href="http://www.lespaniersverts.be/cooperative/pour-les-consommateurs/" rel="nofollow" data-cke-saved-href="http://www.lespaniersverts.be/cooperative/pour-les-consommateurs/">L&rsquo;agriculture biologique locale: un partenariat entre une bonne santé et des emplois chez nous</a></p>
<p>&nbsp;</p>
<p><a href="http://documentation.bruxellesenvironnement.be/documents/Calendrier_FR_def_Part_Fr.PDF" rel="nofollow" data-cke-saved-href="http://documentation.bruxellesenvironnement.be/documents/Calendrier_FR_def_Part_Fr.PDF">Un calendrier pour la Belgique:</a></p>
<p style="text-align: center;"><strong><span style="color: #339966;">Avertissement</span></strong></p>
<p style="text-align: left;"><span style="color: #339966;">Vous cherchez les oranges, les abricots ou les melons dans le calendrier ? Ils n’y sont pas ! En effet, le calendrier concerne</span></p>
<ul>
<li style="text-align: left;"><span style="color: #339966;">les fruits et légumes locaux – à savoir produits en Belgique ou dans les régions limitrophes – et</span></li>
<li style="text-align: left;"><span style="color: #339966;">de saison – à savoir en excluant ceux produits sous serres chauffées.</span></li>
</ul>

<p>Une maison solide, est pourvue de bonnes fondations, de matériaux de qualité et correctement répartis. Il en est de même pour notre corps et pour notre bonne santé. Deux questionnements sont donc indispensables pour aborder les besoins de notre corps. Le premier concernera la diversité de notre alimentation et le deuxième sa qualité. Voyons d&rsquo;abord [&hellip;]</p>
